ppose -4*p = 29*d - 25*d - 104036, -78013 = -3*p - 5*d. What is the thousands digit of p?
6
Let r(k) = -6*k + 46. Let u be r(7). Suppose 3*i = -u*f + 4770, f - 7950 = -5*i - f. What is the hundreds digit of i?
5
Suppose -62*r + 61*r = 4*c - 37217, 4*r - 27890 = -3*c. What is the tens digit of c?
0
Suppose 9*r = -21*r - 18600. What is the units digit of ((-5)/(-2))/((-25)/r)?
2
Let s(x) = -717*x + 4275. What is the tens digit of s(-21)?
3
Let w = 276 + -316. What is the units digit of ((-1192)/6)/(w/180)?
4
Let v = 289 + 1727. What is the tens digit of v?
1
Let g(y) = 3069*y**3 + 132*y**2 + 7*y. What is the thousands digit of g(3)?
4
Suppose -4*g - 4 = 0, 0 = -0*l - 3*l - 3*g + 16812. Let n be l/57 + 1/(-3). Suppose -n - 44 = -s. What is the units digit of s?
2
Suppose -y - 16 = 3*f, 0 = -7*y + 2*y - 4*f - 36. Let z(u) = -u**2 - 6*u - 11. Let h be z(y). What is the units digit of 2 - h - (2 - 13)?
6
What is the units digit of (-13)/(((-72)/732)/6)?
3
Let o(z) = -z**2 - 6*z - 5. Let g be o(-7). Let r be 4 + (g - -4) + 4. Suppose -4*b = 3*v - 260 - 232, r = 3*v - 5*b - 465. What is the units digit of v?
0
What is the hundreds digit of (-144)/16 + 7322 + 3?
3
Let b = -7639 + 47897. What is the hundreds digit of b?
2
Suppose 14*s = -4*x - 2691 + 32819, 3*s + 5*x = 6456. What is the units digit of s?
2
Let g(p) = p**2 - 9*p + 21. Let z be g(9). Suppose -11*x = -4*x + z. What is the units digit of (2/6)/(x/(-144))?
6
Let j(q) = 9*q**2 - 31*q - 7*q**2 - 7*q + 22. Let v be j(19). Let l = v - -23. What is the units digit of l?
5
Let r be 1*1/(-3) + 12/9. What is the units digit of 22/(-110) - (r - (-3752)/(-10))?
4
Suppose i + 50727 = 2*k, 31*i = -5*k + 26*i + 126840. What is the units digit of k?
5
Let n = 6651 - -18622. What is the hundreds digit of n?
2
Let h = 212 + -211. What is the units digit of ((9/6)/3*292)/h?
6
Suppose -3*n - 4 = -2*n. Let t be 26/6 - (8/(-6))/n. Suppose 7 = 4*y - w, -t*y + y + 18 = -5*w. What is the units digit of y?
1
Let c be (4/2 - 6)*(-4 + 0). Let f(m) = -m**2 + 23*m - 39. Let j be f(c). Suppose 35*y + j = 36*y. What is the units digit of y?
3
Suppose 20*o - 43 = 17. Suppose 3*p - 1236 = -o*w, -5*w + 412 = -3*p + 4*p. What is the hundreds digit of p?
4
Let p be ((-3)/2)/((-19)/3914). Suppose 2*f - 69 = p. What is the units digit of f?
9
Let h = -196 + 290. Let i = 4573 - 4568. Let t = h + i. What is the units digit of t?
9
What is the units digit of (-15624)/588*2366/(-6)?
8
Suppose -11*v + 85 = -6*v. Let j(y) = v*y + y**3 + 0*y**2 - 7*y**2 + 26*y**2 - 15. What is the units digit of j(-18)?
3
Let f = 217 + 1069. Suppose -5*d + 1439 = -f. What is the units digit of d?
5
Let p be ((-3)/6)/((55/270)/(-11)). Suppose 0 = 2*g - 2*l + p + 13, -6 = -3*l. What is the tens digit of 6/g*-15 + 15?
2
Let p = -19 + 19. Suppose 0 = -f - 5, -109 = -d + 12*f - 9*f. Suppose 2*n - n - d = p. What is the units digit of n?
4
Let l = 23 + -21. Let w(q) = -3*q**2 - 8*q + 9. Let g(y) = -16*y**2 - 41*y + 45. Let j(r) = l*g(r) - 11*w(r). What is the tens digit of j(6)?
6
Let c(j) = -j**3 + j**2 + 14*j - 3. Let d be c(4). Suppose -d*x + 7500 = 5*x. What is the hundreds digit of x?
7
Let z(b) = 6*b**2 + 72*b - 38. What is the tens digit of z(-37)?
1
Let h(l) = 2*l**3 + 2*l**2 + 1. Let u(p) = -6*p**3 - 11*p**2 + 7*p - 13. Let q(k) = -4*h(k) - u(k). What is the tens digit of q(-6)?
9
Let f be (3 + 14/(-4))*4. Let b be 714/6 - (f - -1)/(-1). What is the tens digit of (3 + (-2)/1)*b?
1
Let d = -45 - -49. Suppose 3*p - 1986 = -3*v, 3*v - d*p = 6*v - 1982. What is the tens digit of v?
6
Let m = 5334 + 75774. What is the hundreds digit of m?
1
Let l = 76 - 57. Suppose -8*m + l = 3. Suppose 0 = -m*a + y + 2*y + 228, -2*a + 208 = 2*y. What is the units digit of a?
8
Let k(t) = -63*t + t**3 - 3*t**2 + 10 + 16 - 4*t**2. What is the hundreds digit of k(14)?
5
Suppose 5*l = p - 38, -l + 3*l = -5*p - 26. What is the hundreds digit of -48*30*2/l?
3
Let d be 63 + 7/(-21)*3. Suppose -53*k = -d*k + 1098. What is the tens digit of k?
2
Let o(m) = -321*m + 59. Let b be o(-4). Let n = -588 + b. What is the units digit of n?
5
Let q = -773 + 782. Suppose -q*o + 7890 = o. What is the units digit of o?
9
Let c be -46*(33/(-6) - -6) - -4. Let v(x) = -4*x**2 - 84*x + 145. Let o(y) = y**2 + 21*y - 36. Let k(m) = -9*o(m) - 2*v(m). What is the units digit of k(c)?
2
Suppose -5*h + 4808 - 398 = 0. Let n = -263 + h. What is the hundreds digit of n?
6
Let s = -3520 - -7490. What is the tens digit of s?
7
Suppose 46174 + 27526 = 20*j. What is the units digit of j?
5
Suppose -287279 = 180*m - 1256219. What is the thousands digit of m?
5
Let k = -67 - -123. Suppose -26 - 22 = -8*m. Suppose -m*p + k = -4*p. What is the units digit of p?
8
Suppose 0*t - 15 = 3*t, 4*q + t + 9 = 0. What is the tens digit of 236 + -17 + q + 0?
1
Suppose 3*t - 7 = -10, 5*t = -5*m + 13085. Suppose -18*y = -11*y - m. What is the units digit of y?
4
Let l(i) = 1361*i**2 + 16*i - 2. What is the tens digit of l(4)?
3
Let y(r) = 9*r**2 - 23*r + 382. What is the thousands digit of y(26)?
5
Suppose -5*v + 45685 = 32*s - 27*s, 0 = v + 5*s - 9121. What is the tens digit of v?
4
Let a = 3706 + -3641. What is the tens digit of a?
6
Let y(g) = -g + 15. Let b be y(12). Suppose 19*i - 4816 = b*i. What is the hundreds digit of i?
3
Let v(l) = -14*l. Let i be v(-5). Let q be 1777/5 + (-28)/i. Suppose 4*r + 2*d + d - 361 = 0, d = -4*r + q. What is the tens digit of r?
8
Let l be 1*2/(-11) + 58/319. Let x(c) = l*c + 0*c + c + c + 23*c**2 - 2. What is the tens digit of x(2)?
9
Let z be ((-10)/((-80)/(-6)))/(1/(-480)). Suppose -313 = -4*u + 4*f + 1187, -2*f = u - z. What is the hundreds digit of u?
3
Let b(a) = -36*a**3 - a**2 + 37*a - 31. What is the hundreds digit of b(-6)?
4
Let t = -10921 + 16353. Suppose 2158 + t = 6*p. What is the units digit of p?
5
Let d(n) = 2*n**2 + 24*n + 6. Let y be d(-12). Let q = 4 - -3. Suppose -y*v = -q*v + 12. What is the units digit of v?
2
Let b = -689 + 702. Let y(j) = 0 + 2*j - 17*j + 2 + 2*j**2. What is the tens digit of y(b)?
4
Let v(j) = 48*j**3 - j**2 - 25*j + 3. What is the thousands digit of v(8)?
4
Let z(g) = -g**3 - 82*g**2 - 234*g + 102. What is the ten thousands digit of z(-81)?
1
What is the tens digit of (168/(-35))/(156/945 + 15/(-90))?
2
Suppose 1149 = 2*u - g - 1345, u - g - 1245 = 0. What is the hundreds digit of u?
2
Let k(a) = 4083*a + 355. What is the ten thousands digit of k(5)?
2
Let p be (-11)/22*(-1 + -2)*-6. What is the hundreds digit of p/(-54) - ((-8169)/18 + 2)?
4
Suppose 4*i + b - 196 = -b, 4*b - 196 = -4*i. Let k = i - -3. Let f = k - 45. What is the units digit of f?
7
Let r = 518 + -511. Suppose 0 = r*k - 2262 - 356. What is the tens digit of k?
7
Let h(n) = -n**2 + 4*n + 99. Let b be h(0). Let c(u) = -11*u - 7. Let q be c(2). Let j = b + q. What is the units digit of j?
0
Let o = -108 - -33. Let u = o + -37. Let i = 208 + u. What is the units digit of i?
6
Suppose -3147 + 447 = -3*s. Let k = -481 + s. What is the hundreds digit of k?
4
Let n = -55067 - -84309. What is the hundreds digit of n?
2
Suppose -5*q = 2*n - 47237, 3*q - 7238 = -4*n + 21093. What is the tens digit of q?
4
Suppose 5*a + 1 - 11 = 0. Suppose -11 = a*r - 65. Let b = r + 43. What is the units digit of b?
0
Let i(c) = -3483*c + 3727. What is the tens digit of i(-2)?
9
Suppose 1709 = 2*r + 239. Suppose -r = 5*h - 2710. Suppose -109 = 2*q - h. What is the tens digit of q?
4
Let u = 31871 + -7676. What is the thousands digit of u?
4
Let c(m) = -378*m + 10049. What is the tens digit of c(-63)?
6
Let w be (48/30)/(6/(-6780)). Let s = -1082 - w. What is the tens digit of s?
2
Suppose -31*j + 907 = -426. Suppose 12*q + j = 8647. What is the units digit of q?
7
Suppose -w - 464*x + 26245 = -468*x, 5*w = -2*x + 131115. What is the tens digit of w?
2
Let t = 1053 + -530. Let m = t + -255. What is the tens digit of m?
6
Let x = -11 + 6. Let a(l) = -48 + 35 + 4*l**2 + 23 + 8*l. What is the units digit of a(x)?
0
Let z(k) = -4138*k**3 + k**2 - 17*k - 18. What is the tens digit of z(-1)?
3
Let t = 357 - 1318. Let v = 1607 + t. What is the hundreds digit of v?
6
Suppose 32282 = 7*j - 0*j - 287982. What is the tens digit of j?
5
Suppose 5*i - 44973 = -19*i + 21723. What is the hundreds digit of i?
7
L